. Let o be r(-3). What is the greatest common factor of o and v?
28
Suppose -1 = 3*c - 4*f - 18, 3*c + 4*f - 49 = 0. Suppose c = 5*p - 49. Calculate the greatest common factor of p and 9.
3
Let x be (-11 - 408/(-16))*14. What is the highest common divisor of 35 and x?
7
Let b = -246 + 411. Suppose -3*i - 6*i + 135 = 0. What is the highest common factor of b and i?
15
Let j be 90/4 + 3/(-6). Let c(m) = -22*m - 88. Let a be c(-12). What is the highest common factor of a and j?
22
Let w = 234 - 46. Let x = -89 + w. Calculate the highest common divisor of 9 and x.
9
Let b be (210/(-4))/(168/(-224)). Calculate the greatest common factor of 98 and b.
14
Suppose 5*a - 55 = -5*n, -16*n + 4*a = -11*n - 19. Calculate the greatest common divisor of n and 854.
7
Let k be 6*(-1)/(-12) - (-22)/4. Let s = 10 - -8. Suppose 6*c - s = 3*c. Calculate the greatest common divisor of k and c.
6
Suppose 3*j - s - 282 = 0, 4*j - 3*s + s = 378. Calculate the greatest common factor of j and 403.
31
Let c = 13 + 12. Let t(k) = -31*k + 5. Let a be t(-1). Suppose -75 = -39*s + a*s. Calculate the greatest common divisor of s and c.
25
Suppose -15 = 3*x, -12*x = -3*g - 15*x + 942. Calculate the highest common factor of g and 145.
29
Let w be 6/9 - 70/(-3). Suppose -4*k - 77 = 3*q, 0*k + 4*k - 5*q = -85. Let p = w + k. Calculate the highest common factor of 32 and p.
4
Let n(d) = d**3 - 6*d**2 + 4*d - 6. Suppose 12*o - 14*o = -16. Let s be n(o). What is the greatest common factor of s and 14?
14
Suppose -41 = n - 10. Let d = -24 - n. Let v = 71 + -15. Calculate the greatest common factor of v and d.
7
Let b = 617 + -585. What is the greatest common factor of b and 24?
8
Suppose -2*s - 309 = -5*t + 15, -2*s + 252 = 4*t. Let a = 10 - -6. Calculate the highest common factor of t and a.
16
Let q(j) = -j**3 - 15*j**2 + 20*j + 74. Let a be q(-17). What is the greatest common factor of a and 39?
39
Suppose 2*a = -y + 18, 16 = -3*a + 7*a. Calculate the greatest common factor of y and 125.
5
Let z be 40 + 2 + (-25)/5 + 4. What is the highest common factor of 656 and z?
41
Suppose -5*y - 9*y = -420. Calculate the greatest common factor of y and 120.
30
Suppose 0*x = -3*x + 6. Suppose -3*h + 48 = -7*y + 6*y, -h - y = -16. What is the greatest common divisor of h and x?
2
Let a = -25 + 91. Suppose -w - 4*w = -495. What is the highest common divisor of w and a?
33
Suppose 55 = 4*j - 41. Suppose 190 = -9*y + 1270. What is the greatest common divisor of y and j?
24
Let b be (-7)/(-3) - 9/27. Let i be ((-12)/30)/(b/(-30)). Suppose i - 15 = -r - w, -3*r = 4*w - 24. What is the highest common divisor of 36 and r?
12
Let p(l) = l**3 - 6*l**2 + 3*l + 14. Let w be p(5). Suppose 20 = -5*h, -2*u + 0*h + w*h + 26 = 0. Calculate the greatest common factor of u and 10.
5
Suppose -13*j = -282 - 134. Calculate the highest common factor of 136 and j.
8
Let t(d) be the first derivative of -5*d**2/2 + 5*d - 9. Let c be t(-6). Let w = -5 + c. What is the greatest common factor of w and 12?
6
Let x be ((-76)/3)/(2/(-6)). Let z = 718 + -699. Calculate the highest common factor of z and x.
19
Let o(j) = 3*j**2 + 32*j - 118. Let p be o(-14). What is the greatest common divisor of p and 198?
22
Suppose 3*d - 9 = -j, 0 = -j - 5*d + 2 + 5. Suppose -3*w = 4*c - 9*c + j, 4*c - 16 = -4*w. Calculate the highest common factor of w and 11.
1
Let l be (0 - (-4)/(-14)) + (-972)/126. Let g(j) = 2*j**2 + 9*j - 8. Let m be g(l). What is the highest common divisor of 72 and m?
24
Suppose 5*l = 24 - 4. Suppose 0 = l*w - 5*s - 48, -30 = -5*w - 4*s + 30. What is the greatest common divisor of w and 192?
12
Let j = 3611 - 3371. Suppose 5*o - 77 = 2*k, 2*k = 2*o + 7*k - 25. What is the highest common divisor of j and o?
15
Let v be 12*(16/(-6))/1. Let n = -5 - v. Let t be (2/21)/1 - (-4514)/1554. Calculate the highest common divisor of n and t.
3
Suppose 3*w + 10 = 31. Suppose w*i - 170 = 2*i. What is the greatest common factor of 34 and i?
34
Suppose -33*g + 449 = -145. What is the highest common divisor of 342 and g?
18
Let r be 6 + (-4725)/(-6) + 6/(-4). What is the highest common divisor of r and 8?
8
Let x be (-179)/(-6) - 2/(-12). What is the greatest common divisor of x and 90?
30
Let p(s) be the second derivative of -1/2*s**2 + 0*s**4 + 0 - 1/20*s**5 - 6*s + 5/6*s**3. Let d be p(-5). What is the greatest common factor of 11 and d?
11
Suppose -3*d + 60 = s, 0 = 7*d - 9*d - 5*s + 40. What is the greatest common factor of 1180 and d?
20
Let t = 147 - 251. Let p be (-42)/(-189) - (t/18 - 0). Let u = 80 + -56. What is the greatest common factor of u and p?
6
Let o be 8 - 630/81 - 1690/(-9). What is the greatest common divisor of 4 and o?
4
Let u(y) = 24*y**3 - y**2 + 1. Let d be u(1). What is the greatest common factor of 6 and d?
6
Let w(t) = t + 8. Suppose -5*x - 32 + 2 = 0. Let p be w(x). Let o be (-3 - -20)*2/p. Calculate the greatest common divisor of 153 and o.
17
Let f be (1 + -1 + 31)/(15/30). Suppose 2*c + 3*c = 775. Calculate the highest common divisor of f and c.
31
Let t(r) = -2*r**3 - 2*r - 1. Let i be t(-1). Let b be i*-3*(-6)/27. Suppose -b*n + 22 = -62. What is the highest common factor of n and 63?
21
Suppose 164*i + 3*d + 29 = 165*i, 3*i - 2*d - 52 = 0. Calculate the highest common factor of i and 259.
7
Let a be -65*1 - (0 + -2). Let w be a/6*(-1 - 1). Let h be (18/15)/(2/35). What is the greatest common factor of h and w?
21
Let m be (-2 + 65/15)*102. Let y be (m/(-21))/((-2)/3). Calculate the greatest common factor of y and 34.
17
Let y be (-3)/2*(-3 + -5)/4. Suppose y*q - t - 697 = 0, q + 2*t = -0*q + 223. Calculate the greatest common divisor of 21 and q.
21
Let f be 170/12 - 3/18. Suppose h - f = 42. Calculate the greatest common factor of 8 and h.
8
Suppose -4*r = -3*f - r + 21, 0 = 3*f - 5*r - 25. Suppose -3*x - 2*x + 225 = 0. Calculate the greatest common factor of f and x.
5
Let y = 30 - 49. Let j(d) = d**3 + 17*d**2 - 40*d - 24. Let u be j(y). Calculate the highest common divisor of u and 112.
14
Let l(q) = -q**3 + 46*q**2 + 7*q - 319. Let u be l(46). What is the highest common divisor of u and 48?
3
Let t = 6 + -5. Let s be 12*(-1 + -1 + t). Let f be 39/9 - 8/s. What is the highest common factor of 5 and f?
5
Let k be 333 - 0/(1 + 0). Calculate the greatest common divisor of 9 and k.
9
Let k(w) = w**3 + 16*w**2 + w + 16. Let x be k(-16). Suppose x = 12*l - 7*l - 20. What is the highest common divisor of l and 10?
2
Suppose -13*c + 37 = -14*c - 5*i, 4*c + 2*i = -58. Let p be 32/c*(-42)/4. What is the greatest common factor of p and 14?
14
Let y be 6/20 + 4668/40. Calculate the greatest common factor of 312 and y.
39
Suppose 2*g - 5*h = 34, -3*h + 98 = 4*g + 2*h. Let z = -72 - -105. What is the highest common divisor of g and z?
11
Suppose -3*s = 3*z - 105, -124 - 43 = -5*z + 3*s. What is the greatest common divisor of 4 and z?
2
Suppose -5*m + 68 = f, -3*f + 272 = -0*m - 2*m. Suppose -3*y + 176 = y + 2*l, 5*l + f = 2*y. What is the highest common factor of y and 11?
11
Let i be 20/25 + (-1944)/(-20). What is the highest common divisor of 7 and i?
7
Let r(x) = -x**2 + 15*x - 16. Let q be r(13). Suppose q*a = 17*a - 252. Calculate the greatest common factor of a and 12.
12
Let m(p) = -108*p + 96. Let z be m(-3). Calculate the greatest common factor of 21 and z.
21
Let m(h) be the second derivative of -h**4/12 - 5*h**3/2 + 15*h**2/2 + 11*h. Let z be m(-15). What is the highest common divisor of z and 135?
15
Suppose 5*n - r + 6*r - 820 = 0, 0 = -5*n + r + 808. What is the greatest common divisor of n and 36?
18
Let i be 1 - -2 - 156/(-6). What is the highest common divisor of 29 and i?
29
Let x = 27 + 58. Let l be 2/5 - ((-1494)/(-30))/(-3). Calculate the greatest common divisor of x and l.
17
Suppose 3*h - m - 221 = 0, 5*h + 68 = 3*m + 431. Calculate the greatest common divisor of 525 and h.
75
Suppose 3*i = -d - i - 3, -3*i = -5*d + 54. What is the greatest common factor of 51 and d?
3
Let k be (112/20)/7 - (-127372)/35. What is the highest common divisor of k and 65?
65
Let y be (-2)/4 + 82/4. Let a be (27/(-15))/((-1)/25). Suppose a + 15 = 6*f. What is the greatest common divisor of f and y?
10
Suppose -12*f = 3 - 63. Suppose 5*y - 6 - 4 = 0. What is the highest common divisor of y and f?
1
S